culate the remainder when 127424637 is divided by 285.
282
What is the remainder when 1190190 is divided by 83?
53
What is the remainder when 444250 is divided by 13842?
1306
What is the remainder when 19295296 is divided by 1135017?
7
Calculate the remainder when 3824565 is divided by 11023.
10607
Calculate the remainder when 21927897 is divided by 32.
25
Calculate the remainder when 1585297 is divided by 113235.
7
What is the remainder when 7766340 is divided by 1109440?
260
Calculate the remainder when 1013877 is divided by 1124.
29
What is the remainder when 3887947 is divided by 1163?
38
What is the remainder when 5425 is divided by 1544?
793
What is the remainder when 13342380 is divided by 126?
114
What is the remainder when 2775198 is divided by 1387573?
52
What is the remainder when 2558365 is divided by 2693?
15
What is the remainder when 1366443 is divided by 511?
29
Calculate the remainder when 128550578 is divided by 4237.
4235
What is the remainder when 34957 is divided by 3159?
208
What is the remainder when 4550786 is divided by 15?
11
Calculate the remainder when 87902 is divided by 1717.
335
Calculate the remainder when 1025064 is divided by 9856.
40
What is the remainder when 789184 is divided by 2242?
0
What is the remainder when 125923978 is divided by 1820?
1818
Calculate the remainder when 3067936 is divided by 29.
26
What is the remainder when 1367024 is divided by 162?
68
What is the remainder when 43748526 is divided by 27?
21
Calculate the remainder when 870663 is divided by 6796.
775
What is the remainder when 546868 is divided by 624?
244
What is the remainder when 132505 is divided by 287?
198
What is the remainder when 3316039 is divided by 16097?
57
What is the remainder when 3805175 is divided by 3124?
143
What is the remainder when 293371 is divided by 2038?
1937
Calculate the remainder when 10294325 is divided by 686288.
5
Calculate the remainder when 560733 is divided by 1128.
117
What is the remainder when 2433109 is divided by 11?
8
Calculate the remainder when 216169 is divided by 72032.
73
Calculate the remainder when 2752228 is divided by 2752212.
16
What is the remainder when 128655072 is divided by 335?
332
Calculate the remainder when 59691 is divided by 359.
97
Calculate the remainder when 7427770 is divided by 90.
70
Calculate the remainder when 371036 is divided by 509.
484
What is the remainder when 100671 is divided by 525?
396
What is the remainder when 80268 is divided by 26636?
360
Calculate the remainder when 162992 is divided by 7071.
359
Calculate the remainder when 69514 is divided by 1756.
1030
Calculate the remainder when 202676 is divided by 20218.
496
Calculate the remainder when 50384885 is divided by 13.
5
Calculate the remainder when 3562855 is divided by 4713.
4540
What is the remainder when 136713 is divided by 8997?
1758
Calculate the remainder when 16358315 is divided by 98544.
11
What is the remainder when 2714881 is divided by 3030?
1
Calculate the remainder when 53803 is divided by 4387.
1159
Calculate the remainder when 494141 is divided by 4394.
2013
What is the remainder when 884141 is divided by 294645?
206
Calculate the remainder when 2751129 is divided by 1375549.
31
What is the remainder when 1376209 is divided by 26?
3
Calculate the remainder when 60602092 is divided by 397.
42
Calculate the remainder when 10176 is divided by 9102.
1074
What is the remainder when 106091 is divided by 105833?
258
Calculate the remainder when 5370081 is divided by 103.
73
Calculate the remainder when 1048449 is divided by 1048274.
175
What is the remainder when 15647701 is divided by 920451?
34
Calculate the remainder when 118979 is divided by 57679.
3621
Calculate the remainder when 6847908 is divided by 190215.
168
Calculate the remainder when 198974 is divided by 197836.
1138
What is the remainder when 72300 is divided by 24059?
123
What is the remainder when 5719318 is divided by 8?
6
Calculate the remainder when 10382397 is divided by 11212.
85
Calculate the remainder when 283838 is divided by 2203.
1854
Calculate the remainder when 164688 is divided by 6583.
113
What is the remainder when 2828004 is divided by 727?
701
Calculate the remainder when 150676 is divided by 307.
246
Calculate the remainder when 1262446 is divided by 45.
16
What is the remainder when 3781752 is divided by 3329?
8
What is the remainder when 77030 is divided by 1389?
635
What is the remainder when 94847741 is divided by 47423866?
9
Calculate the remainder when 106261 is divided by 141.
88
What is the remainder when 1099787 is divided by 631?
585
What is the remainder when 5769999 is divided by 384662?
69
What is the remainder when 55696092 is divided by 54604?
12
Calculate the remainder when 753971 is divided by 448.
435
What is the remainder when 45371 is divided by 4075?
546
Calculate the remainder when 55236 is divided by 7853.
265
Calculate the remainder when 3649252 is divided by 22951.
43
Calculate the remainder when 6143592 is divided by 52962.
0
What is the remainder when 105909 is divided by 105860?
49
What is the remainder when 377605 is divided by 142?
27
Calculate the remainder when 115629158 is divided by 2377.
2370
Calculate the remainder when 107820640 is divided by 231.
4
What is the remainder when 111172 is divided by 726?
94
What is the remainder when 77258 is divided by 76718?
540
What is the remainder when 19129928 is divided by 91?
90
Calculate the remainder when 22401434 is divided by 521.
518
Calculate the remainder when 1083196 is divided by 646.
500
What is the remainder when 867049 is divided by 1326?
1171
What is the remainder when 5446228 is divided by 1244?
1240
What is the remainder when 3646449 is divided by 82?
73
What is the remainder when 267048 is divided by 342?
288
Calculate the remainder when 542645 is divided by 34.
5
What is the remainder when 145056 is divided by 143424?
1632
What is the remainder when 21414688 is divided by 75?
13
What is the remainder when 7134647 is divided by 100?
47
What is the remainder when 369196 is divided by 368181?
1015
Calculate the remainder when 29015028 is divided by 29015.
28
What is the remainder when 124343 is divided by 490?
373
What is the remainder when 85238744 is divided by 2375?
2369
What is the remainder when 3936249 is divided by 662?
659
What is the remainder when 447731 is divided by 6393?
221
What is the remainder when 55197 is divided by 27368?
461
What is the remainder when 12429 is divided by 9816?
2613
Calculate the remainder when 2359806 is divided by 419.
417
Calculate the remainder when 2402426 is divided by 13128.
2
What is the remainder when 12685372 is divided by 655?
642
What is the remainder when 386829 is divided by 318?
141
Calculate the remainder when 25766069 is divided by 23.
20
Calculate the remainder when 4906880 is divided by 114.
92
What is the remainder when 1200478 is divided by 155?
3
Calculate the remainder when 225833 is divided by 10261.
91
Calculate the remainder when 130204 is divided by 2881.
559
What is the remainder when 883152 is divided by 883091?
61
What is the remainder when 4316803 is divided by 958?
55
What is the remainder when 4853073 is divided by 71?
10
What is the remainder when 25287 is divided by 117?
15
Calculate the remainder when 99104 is divided by 119.
96
Calculate the remainder when 5880672 is divided by 84.
0
What is the remainder when 106502 is divided by 105493?
1009
What is the remainder when 61767 is divided by 1592?
1271
Calculate the remainder when 66476147 is divided by 338.
335
What is the remainder when 52761478 is divided by 228?
226
What is the remainder when 4471915 is divided by 1489979?
1978
Calculate the remainder when 14225 is divided by 6675.
875
Calculate the remainder when 1593173 is divided by 2004.
1997
Calculate the remainder when 56656 is divided by 56608.
48
What is the remainder when 2778102 is divided by 532?
530
Calculate the remainder when 701168 is divided by 319.
6
What is the remainder when 108809 is divided by 185?
29
What is the remainder when 94570261 is divided by 55369?
9
Calculate the remainder when 4652012 is divided by 1988.
92
Calculate the remainder when 7428985 is divided by 25.
10
Calculate the remainder when 13250609 is 